{"id":1566,"date":"2023-08-22T15:02:46","date_gmt":"2023-08-22T15:02:46","guid":{"rendered":"https:\/\/staging-nutrifood.olympemedia.com\/?page_id=1566"},"modified":"2023-08-28T22:47:36","modified_gmt":"2023-08-28T22:47:36","slug":"actualites","status":"publish","type":"page","link":"https:\/\/nutri-ci.com\/index.php\/actualites\/","title":{"rendered":"Actualit\u00e9s"},"content":{"rendered":"\t\t<div data-elementor-type=\"wp-page\" data-elementor-id=\"1566\" class=\"elementor elementor-1566\" data-elementor-post-type=\"page\">\n\t\t\t\t<div class=\"elementor-element elementor-element-d9458d9 e-flex e-con-boxed e-con e-parent\" data-id=\"d9458d9\" data-element_type=\"container\" data-e-type=\"container\" data-settings=\"{&quot;jet_parallax_layout_list&quot;:[]}\">\n\t\t\t\t\t<div class=\"e-con-inner\">\n\t\t\t\t<div class=\"elementor-element elementor-element-cc02a01 postSlider elementor-widget elementor-widget-jet-posts\" data-id=\"cc02a01\" data-element_type=\"widget\" data-e-type=\"widget\" data-settings=\"{&quot;columns_tablet&quot;:&quot;2&quot;,&quot;columns_mobile&quot;:&quot;1&quot;,&quot;columns&quot;:&quot;2&quot;,&quot;slides_to_scroll&quot;:&quot;1&quot;}\" data-widget_type=\"jet-posts.default\">\n\t\t\t\t<div class=\"elementor-widget-container\">\n\t\t\t\t\t<div class=\"elementor-jet-posts jet-elements\"><div class=\"jet-posts col-row  jet-equal-cols\"><div class=\"jet-posts__item\">\n\t<div class=\"jet-posts__inner-box\"><div class=\"post-thumbnail\"><a href=\"https:\/\/nutri-ci.com\/index.php\/2023\/08\/18\/quavez-vous-de-prevu-ce-weekend\/\" class=\"post-thumbnail__link\"><img loading=\"lazy\" decoding=\"async\" class=\"post-thumbnail__img wp-post-image\" src=\"https:\/\/nutri-ci.com\/wp-content\/uploads\/2023\/08\/CleanShot-2023-08-29-at-10.21.37@2x-1024x788.png\" alt=\"Le ma\u00efs souffl\u00e9 vs les chips traditionnelles : L&#039;alternative saine que vous n&#039;aviez pas envisag\u00e9e choisit par CHISPY\" loading=\"lazy\" width=\"800\" height=\"616\"><\/a><\/div><div class=\"jet-posts__inner-content\"><h4 class=\"entry-title\"><a href=\"https:\/\/nutri-ci.com\/index.php\/2023\/08\/18\/quavez-vous-de-prevu-ce-weekend\/\" target=\"\">Le ma\u00efs souffl\u00e9 vs...<\/a><\/h4><div class=\"entry-excerpt\">D\u00e9couvrir des alternatives saines dans l&rsquo;univers des snacks peut sembler un d\u00e9fi. Parmi toutes les options disponibles, le ma\u00efs souffl\u00e9&hellip;<\/div><div class=\"jet-more-wrap\"><a href=\"https:\/\/nutri-ci.com\/index.php\/2023\/08\/18\/quavez-vous-de-prevu-ce-weekend\/\" class=\"btn btn-primary elementor-button elementor-size-md jet-more\" target=\"\"><span class=\"btn__text\">Lire la suite<\/span><\/a><\/div><\/div><\/div>\n<\/div>\n<div class=\"jet-posts__item\">\n\t<div class=\"jet-posts__inner-box\"><div class=\"post-thumbnail\"><a href=\"https:\/\/nutri-ci.com\/index.php\/2023\/08\/18\/decouvrez-une-semaine-pleine-denergie-de-saveurs-et-de-partage-avec-nutri\/\" class=\"post-thumbnail__link\"><img loading=\"lazy\" decoding=\"async\" class=\"post-thumbnail__img wp-post-image\" src=\"https:\/\/nutri-ci.com\/wp-content\/uploads\/2023\/08\/CleanShot-2023-08-29-at-10.18.29@2x-1024x761.png\" alt=\"La tomate : bien plus qu\u2019un l\u00e9gume, un tr\u00e9sor de bienfaits pour la sant\u00e9\" loading=\"lazy\" width=\"800\" height=\"595\"><\/a><\/div><div class=\"jet-posts__inner-content\"><h4 class=\"entry-title\"><a href=\"https:\/\/nutri-ci.com\/index.php\/2023\/08\/18\/decouvrez-une-semaine-pleine-denergie-de-saveurs-et-de-partage-avec-nutri\/\" target=\"\">La tomate : bien...<\/a><\/h4><div class=\"entry-excerpt\">La tomate, ce fruit rouge vif que l&rsquo;on confond souvent avec un l\u00e9gume, est bien plus qu&rsquo;un simple accompagnement dans&hellip;<\/div><div class=\"jet-more-wrap\"><a href=\"https:\/\/nutri-ci.com\/index.php\/2023\/08\/18\/decouvrez-une-semaine-pleine-denergie-de-saveurs-et-de-partage-avec-nutri\/\" class=\"btn btn-primary elementor-button elementor-size-md jet-more\" target=\"\"><span class=\"btn__text\">Lire la suite<\/span><\/a><\/div><\/div><\/div>\n<\/div>\n<div class=\"jet-posts__item\">\n\t<div class=\"jet-posts__inner-box\"><div class=\"post-thumbnail\"><a href=\"https:\/\/nutri-ci.com\/index.php\/2023\/08\/17\/ivoirien-est-toujours-concentre-on-dirait-top-chef-ou-bien\/\" class=\"post-thumbnail__link\"><img loading=\"lazy\" decoding=\"async\" class=\"post-thumbnail__img wp-post-image\" src=\"https:\/\/nutri-ci.com\/wp-content\/uploads\/2023\/08\/CleanShot-2023-08-29-at-10.17.06@2x-1024x747.png\" alt=\"La certification ISO 9001 : Garantie de qualit\u00e9 dans l&#039;agroalimentaire chez NUTRIFOOD\" loading=\"lazy\" width=\"800\" height=\"584\"><\/a><\/div><div class=\"jet-posts__inner-content\"><h4 class=\"entry-title\"><a href=\"https:\/\/nutri-ci.com\/index.php\/2023\/08\/17\/ivoirien-est-toujours-concentre-on-dirait-top-chef-ou-bien\/\" target=\"\">La certification ISO 9001...<\/a><\/h4><div class=\"entry-excerpt\">Dans le monde complexe et en constante \u00e9volution de l&rsquo;agroalimentaire, la confiance du consommateur est primordiale. Une fa\u00e7on pour les&hellip;<\/div><div class=\"jet-more-wrap\"><a href=\"https:\/\/nutri-ci.com\/index.php\/2023\/08\/17\/ivoirien-est-toujours-concentre-on-dirait-top-chef-ou-bien\/\" class=\"btn btn-primary elementor-button elementor-size-md jet-more\" target=\"\"><span class=\"btn__text\">Lire la suite<\/span><\/a><\/div><\/div><\/div>\n<\/div>\n<\/div>\n<\/div>\t\t\t\t<\/div>\n\t\t\t\t<\/div>\n\t\t\t\t\t<\/div>\n\t\t\t\t<\/div>\n\t\t\t\t<\/div>\n\t\t","protected":false},"excerpt":{"rendered":"<p>Qu\u2019avez-vous de pr\u00e9vu ce&#8230; Allez-vous vous lancer dans la confection d\u2019un d\u00e9licieux g\u00e2teau en famille \ud83c\udf70 ? Ou peut-\u00eatre allez-vous perfectionner votre technique pour&hellip;Lire la suite D\u00e9couvrez une semaine pleine&#8230; Avez-vous d\u00e9j\u00e0 envisag\u00e9 de commencer votre journ\u00e9e avec une petite gourmandise ? Chez Nutri, nous pensons que chaque matin devrait&hellip;Lire la suite \u00ab Ivoirien est [&hellip;]<\/p>\n","protected":false},"author":1,"featured_media":0,"parent":0,"menu_order":0,"comment_status":"closed","ping_status":"closed","template":"elementor_header_footer","meta":{"footnotes":""},"class_list":["post-1566","page","type-page","status-publish","hentry"],"_links":{"self":[{"href":"https:\/\/nutri-ci.com\/index.php\/wp-json\/wp\/v2\/pages\/1566","targetHints":{"allow":["GET"]}}],"collection":[{"href":"https:\/\/nutri-ci.com\/index.php\/wp-json\/wp\/v2\/pages"}],"about":[{"href":"https:\/\/nutri-ci.com\/index.php\/wp-json\/wp\/v2\/types\/page"}],"author":[{"embeddable":true,"href":"https:\/\/nutri-ci.com\/index.php\/wp-json\/wp\/v2\/users\/1"}],"replies":[{"embeddable":true,"href":"https:\/\/nutri-ci.com\/index.php\/wp-json\/wp\/v2\/comments?post=1566"}],"version-history":[{"count":13,"href":"https:\/\/nutri-ci.com\/index.php\/wp-json\/wp\/v2\/pages\/1566\/revisions"}],"predecessor-version":[{"id":1894,"href":"https:\/\/nutri-ci.com\/index.php\/wp-json\/wp\/v2\/pages\/1566\/revisions\/1894"}],"wp:attachment":[{"href":"https:\/\/nutri-ci.com\/index.php\/wp-json\/wp\/v2\/media?parent=1566"}],"curies":[{"name":"wp","href":"https:\/\/api.w.org\/{rel}","templated":true}]}}