{"id":990,"date":"2023-08-22T05:08:25","date_gmt":"2023-08-22T05:08:25","guid":{"rendered":"https:\/\/staging-nutrifood.olympemedia.com\/?page_id=990"},"modified":"2023-08-28T14:32:47","modified_gmt":"2023-08-28T14:32:47","slug":"le-groupe","status":"publish","type":"page","link":"https:\/\/nutri-ci.com\/index.php\/le-groupe\/","title":{"rendered":"Le groupe"},"content":{"rendered":"\t\t<div data-elementor-type=\"wp-page\" data-elementor-id=\"990\" class=\"elementor elementor-990\" data-elementor-post-type=\"page\">\n\t\t\t\t<div class=\"elementor-element elementor-element-d9458d9 e-flex e-con-boxed e-con e-parent\" data-id=\"d9458d9\" data-element_type=\"container\" data-e-type=\"container\" data-settings=\"{&quot;jet_parallax_layout_list&quot;:[]}\">\n\t\t\t\t\t<div class=\"e-con-inner\">\n\t\t\t\t\t<\/div>\n\t\t\t\t<\/div>\n\t\t<div class=\"elementor-element elementor-element-b35c904 e-flex e-con-boxed e-con e-parent\" data-id=\"b35c904\" data-element_type=\"container\" data-e-type=\"container\" data-settings=\"{&quot;jet_parallax_layout_list&quot;:[]}\">\n\t\t\t\t\t<div class=\"e-con-inner\">\n\t\t<div class=\"elementor-element elementor-element-a3b8f32 e-flex e-con-boxed e-con e-parent\" data-id=\"a3b8f32\" data-element_type=\"container\" data-e-type=\"container\" data-settings=\"{&quot;jet_parallax_layout_list&quot;:[]}\">\n\t\t\t\t\t<div class=\"e-con-inner\">\n\t\t\t\t<div class=\"elementor-element elementor-element-ead3e28 elementor-widget elementor-widget-text-editor\" data-id=\"ead3e28\" data-element_type=\"widget\" data-e-type=\"widget\" data-widget_type=\"text-editor.default\">\n\t\t\t\t<div class=\"elementor-widget-container\">\n\t\t\t\t\t\t\t\t\t<p><strong><span style=\"color: #64b8dd;\">Nutri Food Industry<\/span> \u00e9labore, produit et distribue depuis 2003 des produits alimentaires destin\u00e9s \u00e0 l\u2019ensemble des consommateurs, petits et grands.<\/strong><\/p><p>\u00a0<\/p><p>Les chips sal\u00e9s, les cacahu\u00e8tes enrob\u00e9es, les c\u00e9r\u00e9ales sucr\u00e9es. Tous ces produits sont r\u00e9guli\u00e8rement contr\u00f4l\u00e9s par des grands laboratoires renomm\u00e9s et agr\u00e9es.<\/p>\t\t\t\t\t\t\t\t<\/div>\n\t\t\t\t<\/div>\n\t\t\t\t<div class=\"elementor-element elementor-element-d94061f elementor-widget elementor-widget-image\" data-id=\"d94061f\" data-element_type=\"widget\" data-e-type=\"widget\" data-widget_type=\"image.default\">\n\t\t\t\t<div class=\"elementor-widget-container\">\n\t\t\t\t\t\t\t\t\t\t\t\t\t\t\t<img fetchpriority=\"high\" decoding=\"async\" width=\"1080\" height=\"1080\" src=\"https:\/\/nutri-ci.com\/wp-content\/uploads\/2023\/08\/366543943_347338747615696_1085434718538901802_n-01.jpg\" class=\"attachment-full size-full wp-image-1855\" alt=\"\" srcset=\"https:\/\/nutri-ci.com\/wp-content\/uploads\/2023\/08\/366543943_347338747615696_1085434718538901802_n-01.jpg 1080w, https:\/\/nutri-ci.com\/wp-content\/uploads\/2023\/08\/366543943_347338747615696_1085434718538901802_n-01-300x300.jpg 300w, https:\/\/nutri-ci.com\/wp-content\/uploads\/2023\/08\/366543943_347338747615696_1085434718538901802_n-01-1024x1024.jpg 1024w, https:\/\/nutri-ci.com\/wp-content\/uploads\/2023\/08\/366543943_347338747615696_1085434718538901802_n-01-150x150.jpg 150w, https:\/\/nutri-ci.com\/wp-content\/uploads\/2023\/08\/366543943_347338747615696_1085434718538901802_n-01-768x768.jpg 768w, https:\/\/nutri-ci.com\/wp-content\/uploads\/2023\/08\/366543943_347338747615696_1085434718538901802_n-01-12x12.jpg 12w\" sizes=\"(max-width: 1080px) 100vw, 1080px\" \/>\t\t\t\t\t\t\t\t\t\t\t\t\t\t\t<\/div>\n\t\t\t\t<\/div>\n\t\t\t\t<div class=\"elementor-element elementor-element-2dc55da elementor-absolute elementor-widget elementor-widget-image\" data-id=\"2dc55da\" data-element_type=\"widget\" data-e-type=\"widget\" data-settings=\"{&quot;_position&quot;:&quot;absolute&quot;,&quot;motion_fx_motion_fx_scrolling&quot;:&quot;yes&quot;,&quot;motion_fx_translateY_effect&quot;:&quot;yes&quot;,&quot;motion_fx_translateY_speed&quot;:{&quot;unit&quot;:&quot;px&quot;,&quot;size&quot;:4,&quot;sizes&quot;:[]},&quot;motion_fx_translateY_affectedRange&quot;:{&quot;unit&quot;:&quot;%&quot;,&quot;size&quot;:&quot;&quot;,&quot;sizes&quot;:{&quot;start&quot;:0,&quot;end&quot;:100}},&quot;motion_fx_devices&quot;:[&quot;desktop&quot;,&quot;tablet&quot;,&quot;mobile&quot;]}\" data-widget_type=\"image.default\">\n\t\t\t\t<div class=\"elementor-widget-container\">\n\t\t\t\t\t\t\t\t\t\t\t\t\t\t\t<img decoding=\"async\" width=\"201\" height=\"224\" src=\"https:\/\/nutri-ci.com\/wp-content\/uploads\/2023\/08\/Asset-1.png\" class=\"attachment-1536x1536 size-1536x1536 wp-image-83\" alt=\"\" \/>\t\t\t\t\t\t\t\t\t\t\t\t\t\t\t<\/div>\n\t\t\t\t<\/div>\n\t\t\t\t<div class=\"elementor-element elementor-element-64e15e0 elementor-absolute elementor-widget elementor-widget-image\" data-id=\"64e15e0\" data-element_type=\"widget\" data-e-type=\"widget\" data-settings=\"{&quot;_position&quot;:&quot;absolute&quot;,&quot;motion_fx_motion_fx_scrolling&quot;:&quot;yes&quot;,&quot;motion_fx_translateY_effect&quot;:&quot;yes&quot;,&quot;motion_fx_translateY_speed&quot;:{&quot;unit&quot;:&quot;px&quot;,&quot;size&quot;:4,&quot;sizes&quot;:[]},&quot;motion_fx_translateY_affectedRange&quot;:{&quot;unit&quot;:&quot;%&quot;,&quot;size&quot;:&quot;&quot;,&quot;sizes&quot;:{&quot;start&quot;:0,&quot;end&quot;:100}},&quot;motion_fx_devices&quot;:[&quot;desktop&quot;,&quot;tablet&quot;,&quot;mobile&quot;]}\" data-widget_type=\"image.default\">\n\t\t\t\t<div class=\"elementor-widget-container\">\n\t\t\t\t\t\t\t\t\t\t\t\t\t\t\t<img decoding=\"async\" width=\"180\" height=\"179\" src=\"https:\/\/nutri-ci.com\/wp-content\/uploads\/2023\/08\/Asset-2-1.png\" class=\"attachment-full size-full wp-image-1006\" alt=\"\" srcset=\"https:\/\/nutri-ci.com\/wp-content\/uploads\/2023\/08\/Asset-2-1.png 180w, https:\/\/nutri-ci.com\/wp-content\/uploads\/2023\/08\/Asset-2-1-150x150.png 150w, https:\/\/nutri-ci.com\/wp-content\/uploads\/2023\/08\/Asset-2-1-12x12.png 12w\" sizes=\"(max-width: 180px) 100vw, 180px\" \/>\t\t\t\t\t\t\t\t\t\t\t\t\t\t\t<\/div>\n\t\t\t\t<\/div>\n\t\t\t\t\t<\/div>\n\t\t\t\t<\/div>\n\t\t\t\t\t<\/div>\n\t\t\t\t<\/div>\n\t\t<div class=\"elementor-element elementor-element-4c94184 e-flex e-con-boxed e-con e-parent\" data-id=\"4c94184\" data-element_type=\"container\" data-e-type=\"container\" data-settings=\"{&quot;jet_parallax_layout_list&quot;:[]}\">\n\t\t\t\t\t<div class=\"e-con-inner\">\n\t\t<div class=\"elementor-element elementor-element-b2be02c e-flex e-con-boxed e-con e-parent\" data-id=\"b2be02c\" data-element_type=\"container\" data-e-type=\"container\" data-settings=\"{&quot;jet_parallax_layout_list&quot;:[]}\">\n\t\t\t\t\t<div class=\"e-con-inner\">\n\t\t\t\t<div class=\"elementor-element elementor-element-69615c6 elementor-widget elementor-widget-heading\" data-id=\"69615c6\" data-element_type=\"widget\" data-e-type=\"widget\" data-widget_type=\"heading.default\">\n\t\t\t\t<div class=\"elementor-widget-container\">\n\t\t\t\t\t<h2 class=\"elementor-heading-title elementor-size-default\">OBJECTIF DE L\u2019ENTREPRISE<\/h2>\t\t\t\t<\/div>\n\t\t\t\t<\/div>\n\t\t\t\t<div class=\"elementor-element elementor-element-f0c2203 elementor-widget elementor-widget-text-editor\" data-id=\"f0c2203\" data-element_type=\"widget\" data-e-type=\"widget\" data-widget_type=\"text-editor.default\">\n\t\t\t\t<div class=\"elementor-widget-container\">\n\t\t\t\t\t\t\t\t\t<p>La soci\u00e9t\u00e9 Nutri Food Industry a pour objectif de mettre \u00e0 la disposition du consommateur des produits de qualit\u00e9 id\u00e9al pour la croissance et le d\u00e9veloppement.<\/p>\t\t\t\t\t\t\t\t<\/div>\n\t\t\t\t<\/div>\n\t\t\t\t\t<\/div>\n\t\t\t\t<\/div>\n\t\t<div class=\"elementor-element elementor-element-44d5723 e-flex e-con-boxed e-con e-parent\" data-id=\"44d5723\" data-element_type=\"container\" data-e-type=\"container\" data-settings=\"{&quot;jet_parallax_layout_list&quot;:[]}\">\n\t\t\t\t\t<div class=\"e-con-inner\">\n\t\t\t\t<div class=\"elementor-element elementor-element-f8809a8 elementor-widget elementor-widget-heading\" data-id=\"f8809a8\" data-element_type=\"widget\" data-e-type=\"widget\" data-widget_type=\"heading.default\">\n\t\t\t\t<div class=\"elementor-widget-container\">\n\t\t\t\t\t<h2 class=\"elementor-heading-title elementor-size-default\">Notre \u00e9quipe<\/h2>\t\t\t\t<\/div>\n\t\t\t\t<\/div>\n\t\t\t\t<div class=\"elementor-element elementor-element-2278b1d elementor-widget elementor-widget-text-editor\" data-id=\"2278b1d\" data-element_type=\"widget\" data-e-type=\"widget\" data-widget_type=\"text-editor.default\">\n\t\t\t\t<div class=\"elementor-widget-container\">\n\t\t\t\t\t\t\t\t\t<p>Nutri Food Industry pour atteindre ses objectifs dispose d\u2019une \u00e9quipe dynamique. De l\u2019administration aux unit\u00e9s de production, des personnes devou\u00e9es et entousiaste font le maximum pour satisfaire des consommateurs de plus en plus divers.<\/p>\t\t\t\t\t\t\t\t<\/div>\n\t\t\t\t<\/div>\n\t\t\t\t\t<\/div>\n\t\t\t\t<\/div>\n\t\t\t\t\t<\/div>\n\t\t\t\t<\/div>\n\t\t<div class=\"elementor-element elementor-element-efe2765 e-flex e-con-boxed e-con e-parent\" data-id=\"efe2765\" data-element_type=\"container\" data-e-type=\"container\" data-settings=\"{&quot;jet_parallax_layout_list&quot;:[]}\">\n\t\t\t\t\t<div class=\"e-con-inner\">\n\t\t\t\t<div class=\"elementor-element elementor-element-82bac99 elementor-widget elementor-widget-image\" data-id=\"82bac99\" data-element_type=\"widget\" data-e-type=\"widget\" data-widget_type=\"image.default\">\n\t\t\t\t<div class=\"elementor-widget-container\">\n\t\t\t\t\t\t\t\t\t\t\t\t\t\t\t<img loading=\"lazy\" decoding=\"async\" width=\"124\" height=\"30\" src=\"https:\/\/nutri-ci.com\/wp-content\/uploads\/2023\/08\/Group-3629.svg\" class=\"attachment-full size-full wp-image-259\" alt=\"\" \/>\t\t\t\t\t\t\t\t\t\t\t\t\t\t\t<\/div>\n\t\t\t\t<\/div>\n\t\t\t\t<div class=\"elementor-element elementor-element-6347023 elementor-widget__width-auto elementor-absolute elementor-widget elementor-widget-image\" data-id=\"6347023\" data-element_type=\"widget\" data-e-type=\"widget\" data-settings=\"{&quot;_position&quot;:&quot;absolute&quot;,&quot;motion_fx_motion_fx_scrolling&quot;:&quot;yes&quot;,&quot;motion_fx_translateY_effect&quot;:&quot;yes&quot;,&quot;motion_fx_translateY_speed&quot;:{&quot;unit&quot;:&quot;px&quot;,&quot;size&quot;:4,&quot;sizes&quot;:[]},&quot;motion_fx_translateY_affectedRange&quot;:{&quot;unit&quot;:&quot;%&quot;,&quot;size&quot;:&quot;&quot;,&quot;sizes&quot;:{&quot;start&quot;:0,&quot;end&quot;:100}},&quot;motion_fx_devices&quot;:[&quot;desktop&quot;,&quot;tablet&quot;,&quot;mobile&quot;]}\" data-widget_type=\"image.default\">\n\t\t\t\t<div class=\"elementor-widget-container\">\n\t\t\t\t\t\t\t\t\t\t\t\t\t\t\t<img loading=\"lazy\" decoding=\"async\" width=\"131\" height=\"110\" src=\"https:\/\/nutri-ci.com\/wp-content\/uploads\/2023\/08\/chipsicon.png\" class=\"attachment-full size-full wp-image-1045\" alt=\"\" srcset=\"https:\/\/nutri-ci.com\/wp-content\/uploads\/2023\/08\/chipsicon.png 131w, https:\/\/nutri-ci.com\/wp-content\/uploads\/2023\/08\/chipsicon-14x12.png 14w\" sizes=\"(max-width: 131px) 100vw, 131px\" \/>\t\t\t\t\t\t\t\t\t\t\t\t\t\t\t<\/div>\n\t\t\t\t<\/div>\n\t\t<div class=\"elementor-element elementor-element-8852f78 e-flex e-con-boxed e-con e-parent\" data-id=\"8852f78\" data-element_type=\"container\" data-e-type=\"container\" data-settings=\"{&quot;jet_parallax_layout_list&quot;:[]}\">\n\t\t\t\t\t<div class=\"e-con-inner\">\n\t\t\t\t<div class=\"elementor-element elementor-element-9fc4857 elementor-widget elementor-widget-heading\" data-id=\"9fc4857\" data-element_type=\"widget\" data-e-type=\"widget\" data-widget_type=\"heading.default\">\n\t\t\t\t<div class=\"elementor-widget-container\">\n\t\t\t\t\t<h2 class=\"elementor-heading-title elementor-size-default\">nutriFood industry est un partenaire fiable capable d\u2019offrir<\/h2>\t\t\t\t<\/div>\n\t\t\t\t<\/div>\n\t\t\t\t\t<\/div>\n\t\t\t\t<\/div>\n\t\t<div class=\"elementor-element elementor-element-1be26d1 e-flex e-con-boxed e-con e-parent\" data-id=\"1be26d1\" data-element_type=\"container\" data-e-type=\"container\" data-settings=\"{&quot;jet_parallax_layout_list&quot;:[]}\">\n\t\t\t\t\t<div class=\"e-con-inner\">\n\t\t<div class=\"elementor-element elementor-element-42a4ded e-con-full e-flex e-con e-parent\" data-id=\"42a4ded\" data-element_type=\"container\" data-e-type=\"container\" data-settings=\"{&quot;jet_parallax_layout_list&quot;:[]}\">\n\t\t<div class=\"elementor-element elementor-element-5bead59 e-con-full e-flex e-con e-parent\" data-id=\"5bead59\" data-element_type=\"container\" data-e-type=\"container\" data-settings=\"{&quot;jet_parallax_layout_list&quot;:[]}\">\n\t\t\t\t<div class=\"elementor-element elementor-element-468a4a7 elementor-widget__width-inherit animated-slow elementor-invisible elementor-widget elementor-widget-image\" data-id=\"468a4a7\" data-element_type=\"widget\" data-e-type=\"widget\" data-settings=\"{&quot;_animation&quot;:&quot;rotateIn&quot;}\" data-widget_type=\"image.default\">\n\t\t\t\t<div class=\"elementor-widget-container\">\n\t\t\t\t\t\t\t\t\t\t\t\t\t\t\t<img loading=\"lazy\" decoding=\"async\" width=\"137\" height=\"137\" src=\"https:\/\/nutri-ci.com\/wp-content\/uploads\/2023\/08\/imgBg.png\" class=\"attachment-full size-full wp-image-1074\" alt=\"\" srcset=\"https:\/\/nutri-ci.com\/wp-content\/uploads\/2023\/08\/imgBg.png 137w, https:\/\/nutri-ci.com\/wp-content\/uploads\/2023\/08\/imgBg-12x12.png 12w\" sizes=\"(max-width: 137px) 100vw, 137px\" \/>\t\t\t\t\t\t\t\t\t\t\t\t\t\t\t<\/div>\n\t\t\t\t<\/div>\n\t\t\t\t<div class=\"elementor-element elementor-element-a0a85bb elementor-widget__width-inherit elementor-absolute centerAbsoluteImage elementor-widget elementor-widget-image\" data-id=\"a0a85bb\" data-element_type=\"widget\" data-e-type=\"widget\" data-settings=\"{&quot;_position&quot;:&quot;absolute&quot;}\" data-widget_type=\"image.default\">\n\t\t\t\t<div class=\"elementor-widget-container\">\n\t\t\t\t\t\t\t\t\t\t\t\t\t\t\t<img loading=\"lazy\" decoding=\"async\" width=\"96\" height=\"96\" src=\"https:\/\/nutri-ci.com\/wp-content\/uploads\/2023\/08\/Path-14585-1.png\" class=\"attachment-full size-full wp-image-1090\" alt=\"\" srcset=\"https:\/\/nutri-ci.com\/wp-content\/uploads\/2023\/08\/Path-14585-1.png 96w, https:\/\/nutri-ci.com\/wp-content\/uploads\/2023\/08\/Path-14585-1-12x12.png 12w\" sizes=\"(max-width: 96px) 100vw, 96px\" \/>\t\t\t\t\t\t\t\t\t\t\t\t\t\t\t<\/div>\n\t\t\t\t<\/div>\n\t\t\t\t<div class=\"elementor-element elementor-element-d555bb3 elementor-absolute centerAbsoluteImage elementor-widget elementor-widget-image\" data-id=\"d555bb3\" data-element_type=\"widget\" data-e-type=\"widget\" data-settings=\"{&quot;_position&quot;:&quot;absolute&quot;}\" data-widget_type=\"image.default\">\n\t\t\t\t<div class=\"elementor-widget-container\">\n\t\t\t\t\t\t\t\t\t\t\t\t\t\t\t<img loading=\"lazy\" decoding=\"async\" width=\"159\" height=\"76\" src=\"https:\/\/nutri-ci.com\/wp-content\/uploads\/2023\/08\/Image-77.png\" class=\"attachment-full size-full wp-image-1007\" alt=\"\" srcset=\"https:\/\/nutri-ci.com\/wp-content\/uploads\/2023\/08\/Image-77.png 159w, https:\/\/nutri-ci.com\/wp-content\/uploads\/2023\/08\/Image-77-18x9.png 18w\" sizes=\"(max-width: 159px) 100vw, 159px\" \/>\t\t\t\t\t\t\t\t\t\t\t\t\t\t\t<\/div>\n\t\t\t\t<\/div>\n\t\t\t\t<\/div>\n\t\t\t\t<div class=\"elementor-element elementor-element-37ca9f3 elementor-widget elementor-widget-text-editor\" data-id=\"37ca9f3\" data-element_type=\"widget\" data-e-type=\"widget\" data-widget_type=\"text-editor.default\">\n\t\t\t\t<div class=\"elementor-widget-container\">\n\t\t\t\t\t\t\t\t\tLa garantie d\u2019une marque de chips leader en Afrique de l\u2019ouest CHIPSY\t\t\t\t\t\t\t\t<\/div>\n\t\t\t\t<\/div>\n\t\t\t\t<\/div>\n\t\t<div class=\"elementor-element elementor-element-91e07d1 e-con-full e-flex e-con e-parent\" data-id=\"91e07d1\" data-element_type=\"container\" data-e-type=\"container\" data-settings=\"{&quot;jet_parallax_layout_list&quot;:[]}\">\n\t\t<div class=\"elementor-element elementor-element-eafde99 e-con-full e-flex e-con e-parent\" data-id=\"eafde99\" data-element_type=\"container\" data-e-type=\"container\" data-settings=\"{&quot;jet_parallax_layout_list&quot;:[]}\">\n\t\t\t\t<div class=\"elementor-element elementor-element-3083590 elementor-widget__width-inherit animated-slow elementor-invisible elementor-widget elementor-widget-image\" data-id=\"3083590\" data-element_type=\"widget\" data-e-type=\"widget\" data-settings=\"{&quot;_animation&quot;:&quot;rotateIn&quot;}\" data-widget_type=\"image.default\">\n\t\t\t\t<div class=\"elementor-widget-container\">\n\t\t\t\t\t\t\t\t\t\t\t\t\t\t\t<img loading=\"lazy\" decoding=\"async\" width=\"137\" height=\"137\" src=\"https:\/\/nutri-ci.com\/wp-content\/uploads\/2023\/08\/imgBg.png\" class=\"attachment-full size-full wp-image-1074\" alt=\"\" srcset=\"https:\/\/nutri-ci.com\/wp-content\/uploads\/2023\/08\/imgBg.png 137w, https:\/\/nutri-ci.com\/wp-content\/uploads\/2023\/08\/imgBg-12x12.png 12w\" sizes=\"(max-width: 137px) 100vw, 137px\" \/>\t\t\t\t\t\t\t\t\t\t\t\t\t\t\t<\/div>\n\t\t\t\t<\/div>\n\t\t\t\t<div class=\"elementor-element elementor-element-59714a4 elementor-widget__width-inherit elementor-absolute centerAbsoluteImage elementor-widget elementor-widget-image\" data-id=\"59714a4\" data-element_type=\"widget\" data-e-type=\"widget\" data-settings=\"{&quot;_position&quot;:&quot;absolute&quot;}\" data-widget_type=\"image.default\">\n\t\t\t\t<div class=\"elementor-widget-container\">\n\t\t\t\t\t\t\t\t\t\t\t\t\t\t\t<img loading=\"lazy\" decoding=\"async\" width=\"96\" height=\"96\" src=\"https:\/\/nutri-ci.com\/wp-content\/uploads\/2023\/08\/Path-14585-1.png\" class=\"attachment-full size-full wp-image-1090\" alt=\"\" srcset=\"https:\/\/nutri-ci.com\/wp-content\/uploads\/2023\/08\/Path-14585-1.png 96w, https:\/\/nutri-ci.com\/wp-content\/uploads\/2023\/08\/Path-14585-1-12x12.png 12w\" sizes=\"(max-width: 96px) 100vw, 96px\" \/>\t\t\t\t\t\t\t\t\t\t\t\t\t\t\t<\/div>\n\t\t\t\t<\/div>\n\t\t\t\t<div class=\"elementor-element elementor-element-101d7eb elementor-absolute centerAbsoluteImage elementor-widget elementor-widget-image\" data-id=\"101d7eb\" data-element_type=\"widget\" data-e-type=\"widget\" data-settings=\"{&quot;_position&quot;:&quot;absolute&quot;}\" data-widget_type=\"image.default\">\n\t\t\t\t<div class=\"elementor-widget-container\">\n\t\t\t\t\t\t\t\t\t\t\t\t\t\t\t<img loading=\"lazy\" decoding=\"async\" width=\"60\" height=\"62\" src=\"https:\/\/nutri-ci.com\/wp-content\/uploads\/2023\/08\/africa.svg\" class=\"attachment-full size-full wp-image-1289\" alt=\"\" \/>\t\t\t\t\t\t\t\t\t\t\t\t\t\t\t<\/div>\n\t\t\t\t<\/div>\n\t\t\t\t<\/div>\n\t\t\t\t<div class=\"elementor-element elementor-element-fd23565 elementor-widget elementor-widget-text-editor\" data-id=\"fd23565\" data-element_type=\"widget\" data-e-type=\"widget\" data-widget_type=\"text-editor.default\">\n\t\t\t\t<div class=\"elementor-widget-container\">\n\t\t\t\t\t\t\t\t\tUn service qui s\u2019\u00e9tend sur l\u2019ensemble de la c\u00f4te d\u2019ivoire et en Afrique\t\t\t\t\t\t\t\t<\/div>\n\t\t\t\t<\/div>\n\t\t\t\t<\/div>\n\t\t<div class=\"elementor-element elementor-element-d8114cd e-con-full e-flex e-con e-parent\" data-id=\"d8114cd\" data-element_type=\"container\" data-e-type=\"container\" data-settings=\"{&quot;jet_parallax_layout_list&quot;:[]}\">\n\t\t<div class=\"elementor-element elementor-element-c3efbb6 e-con-full e-flex e-con e-parent\" data-id=\"c3efbb6\" data-element_type=\"container\" data-e-type=\"container\" data-settings=\"{&quot;jet_parallax_layout_list&quot;:[]}\">\n\t\t\t\t<div class=\"elementor-element elementor-element-fe263a0 elementor-widget__width-inherit animated-slow elementor-invisible elementor-widget elementor-widget-image\" data-id=\"fe263a0\" data-element_type=\"widget\" data-e-type=\"widget\" data-settings=\"{&quot;_animation&quot;:&quot;rotateIn&quot;}\" data-widget_type=\"image.default\">\n\t\t\t\t<div class=\"elementor-widget-container\">\n\t\t\t\t\t\t\t\t\t\t\t\t\t\t\t<img loading=\"lazy\" decoding=\"async\" width=\"137\" height=\"137\" src=\"https:\/\/nutri-ci.com\/wp-content\/uploads\/2023\/08\/imgBg.png\" class=\"attachment-full size-full wp-image-1074\" alt=\"\" srcset=\"https:\/\/nutri-ci.com\/wp-content\/uploads\/2023\/08\/imgBg.png 137w, https:\/\/nutri-ci.com\/wp-content\/uploads\/2023\/08\/imgBg-12x12.png 12w\" sizes=\"(max-width: 137px) 100vw, 137px\" \/>\t\t\t\t\t\t\t\t\t\t\t\t\t\t\t<\/div>\n\t\t\t\t<\/div>\n\t\t\t\t<div class=\"elementor-element elementor-element-39b4e44 elementor-widget__width-inherit elementor-absolute centerAbsoluteImage elementor-widget elementor-widget-image\" data-id=\"39b4e44\" data-element_type=\"widget\" data-e-type=\"widget\" data-settings=\"{&quot;_position&quot;:&quot;absolute&quot;}\" data-widget_type=\"image.default\">\n\t\t\t\t<div class=\"elementor-widget-container\">\n\t\t\t\t\t\t\t\t\t\t\t\t\t\t\t<img loading=\"lazy\" decoding=\"async\" width=\"96\" height=\"96\" src=\"https:\/\/nutri-ci.com\/wp-content\/uploads\/2023\/08\/Path-14585-1.png\" class=\"attachment-full size-full wp-image-1090\" alt=\"\" srcset=\"https:\/\/nutri-ci.com\/wp-content\/uploads\/2023\/08\/Path-14585-1.png 96w, https:\/\/nutri-ci.com\/wp-content\/uploads\/2023\/08\/Path-14585-1-12x12.png 12w\" sizes=\"(max-width: 96px) 100vw, 96px\" \/>\t\t\t\t\t\t\t\t\t\t\t\t\t\t\t<\/div>\n\t\t\t\t<\/div>\n\t\t\t\t<div class=\"elementor-element elementor-element-31fd393 elementor-absolute centerAbsoluteImage elementor-widget elementor-widget-image\" data-id=\"31fd393\" data-element_type=\"widget\" data-e-type=\"widget\" data-settings=\"{&quot;_position&quot;:&quot;absolute&quot;}\" data-widget_type=\"image.default\">\n\t\t\t\t<div class=\"elementor-widget-container\">\n\t\t\t\t\t\t\t\t\t\t\t\t\t\t\t<img loading=\"lazy\" decoding=\"async\" width=\"46\" height=\"62\" src=\"https:\/\/nutri-ci.com\/wp-content\/uploads\/2023\/08\/placeholder.svg\" class=\"attachment-full size-full wp-image-1290\" alt=\"\" \/>\t\t\t\t\t\t\t\t\t\t\t\t\t\t\t<\/div>\n\t\t\t\t<\/div>\n\t\t\t\t<\/div>\n\t\t\t\t<div class=\"elementor-element elementor-element-af92a74 elementor-widget elementor-widget-text-editor\" data-id=\"af92a74\" data-element_type=\"widget\" data-e-type=\"widget\" data-widget_type=\"text-editor.default\">\n\t\t\t\t<div class=\"elementor-widget-container\">\n\t\t\t\t\t\t\t\t\t<p>Un service de proximit\u00e9 capable de r\u00e9pondre aux besoins des diff\u00e9rents points de ventes<\/p>\t\t\t\t\t\t\t\t<\/div>\n\t\t\t\t<\/div>\n\t\t\t\t<\/div>\n\t\t<div class=\"elementor-element elementor-element-5f0deac e-con-full e-flex e-con e-parent\" data-id=\"5f0deac\" data-element_type=\"container\" data-e-type=\"container\" data-settings=\"{&quot;jet_parallax_layout_list&quot;:[]}\">\n\t\t<div class=\"elementor-element elementor-element-73ce441 e-con-full e-flex e-con e-parent\" data-id=\"73ce441\" data-element_type=\"container\" data-e-type=\"container\" data-settings=\"{&quot;jet_parallax_layout_list&quot;:[]}\">\n\t\t\t\t<div class=\"elementor-element elementor-element-3e1ec87 elementor-widget__width-inherit animated-slow elementor-invisible elementor-widget elementor-widget-image\" data-id=\"3e1ec87\" data-element_type=\"widget\" data-e-type=\"widget\" data-settings=\"{&quot;_animation&quot;:&quot;rotateIn&quot;}\" data-widget_type=\"image.default\">\n\t\t\t\t<div class=\"elementor-widget-container\">\n\t\t\t\t\t\t\t\t\t\t\t\t\t\t\t<img loading=\"lazy\" decoding=\"async\" width=\"137\" height=\"137\" src=\"https:\/\/nutri-ci.com\/wp-content\/uploads\/2023\/08\/imgBg.png\" class=\"attachment-full size-full wp-image-1074\" alt=\"\" srcset=\"https:\/\/nutri-ci.com\/wp-content\/uploads\/2023\/08\/imgBg.png 137w, https:\/\/nutri-ci.com\/wp-content\/uploads\/2023\/08\/imgBg-12x12.png 12w\" sizes=\"(max-width: 137px) 100vw, 137px\" \/>\t\t\t\t\t\t\t\t\t\t\t\t\t\t\t<\/div>\n\t\t\t\t<\/div>\n\t\t\t\t<div class=\"elementor-element elementor-element-714d42b elementor-widget__width-inherit elementor-absolute centerAbsoluteImage elementor-widget elementor-widget-image\" data-id=\"714d42b\" data-element_type=\"widget\" data-e-type=\"widget\" data-settings=\"{&quot;_position&quot;:&quot;absolute&quot;}\" data-widget_type=\"image.default\">\n\t\t\t\t<div class=\"elementor-widget-container\">\n\t\t\t\t\t\t\t\t\t\t\t\t\t\t\t<img loading=\"lazy\" decoding=\"async\" width=\"96\" height=\"96\" src=\"https:\/\/nutri-ci.com\/wp-content\/uploads\/2023\/08\/Path-14585-1.png\" class=\"attachment-full size-full wp-image-1090\" alt=\"\" srcset=\"https:\/\/nutri-ci.com\/wp-content\/uploads\/2023\/08\/Path-14585-1.png 96w, https:\/\/nutri-ci.com\/wp-content\/uploads\/2023\/08\/Path-14585-1-12x12.png 12w\" sizes=\"(max-width: 96px) 100vw, 96px\" \/>\t\t\t\t\t\t\t\t\t\t\t\t\t\t\t<\/div>\n\t\t\t\t<\/div>\n\t\t\t\t<div class=\"elementor-element elementor-element-bf76250 elementor-absolute centerAbsoluteImage elementor-widget elementor-widget-image\" data-id=\"bf76250\" data-element_type=\"widget\" data-e-type=\"widget\" data-settings=\"{&quot;_position&quot;:&quot;absolute&quot;}\" data-widget_type=\"image.default\">\n\t\t\t\t<div class=\"elementor-widget-container\">\n\t\t\t\t\t\t\t\t\t\t\t\t\t\t\t<img loading=\"lazy\" decoding=\"async\" width=\"57\" height=\"60\" src=\"https:\/\/nutri-ci.com\/wp-content\/uploads\/2023\/08\/Group-25173.svg\" class=\"attachment-full size-full wp-image-1294\" alt=\"\" \/>\t\t\t\t\t\t\t\t\t\t\t\t\t\t\t<\/div>\n\t\t\t\t<\/div>\n\t\t\t\t<\/div>\n\t\t\t\t<div class=\"elementor-element elementor-element-1a026c3 elementor-widget elementor-widget-text-editor\" data-id=\"1a026c3\" data-element_type=\"widget\" data-e-type=\"widget\" data-widget_type=\"text-editor.default\">\n\t\t\t\t<div class=\"elementor-widget-container\">\n\t\t\t\t\t\t\t\t\t<p>Un d\u00e9veloppement continu avec des innovations aux services de ses clients et des consommateurs<\/p>\t\t\t\t\t\t\t\t<\/div>\n\t\t\t\t<\/div>\n\t\t\t\t<\/div>\n\t\t\t\t\t<\/div>\n\t\t\t\t<\/div>\n\t\t\t\t\t<\/div>\n\t\t\t\t<\/div>\n\t\t\t\t<\/div>\n\t\t","protected":false},"excerpt":{"rendered":"<p>Nutri Food Industry \u00e9labore, produit et distribue depuis 2003 des produits alimentaires destin\u00e9s \u00e0 l\u2019ensemble des consommateurs, petits et grands. \u00a0 Les chips sal\u00e9s, les cacahu\u00e8tes enrob\u00e9es, les c\u00e9r\u00e9ales sucr\u00e9es. Tous ces produits sont r\u00e9guli\u00e8rement contr\u00f4l\u00e9s par des grands laboratoires renomm\u00e9s et agr\u00e9es. OBJECTIF DE L\u2019ENTREPRISE La soci\u00e9t\u00e9 Nutri Food Industry a pour objectif de [&hellip;]<\/p>\n","protected":false},"author":1,"featured_media":0,"parent":0,"menu_order":0,"comment_status":"closed","ping_status":"closed","template":"elementor_header_footer","meta":{"footnotes":""},"class_list":["post-990","page","type-page","status-publish","hentry"],"_links":{"self":[{"href":"https:\/\/nutri-ci.com\/index.php\/wp-json\/wp\/v2\/pages\/990","targetHints":{"allow":["GET"]}}],"collection":[{"href":"https:\/\/nutri-ci.com\/index.php\/wp-json\/wp\/v2\/pages"}],"about":[{"href":"https:\/\/nutri-ci.com\/index.php\/wp-json\/wp\/v2\/types\/page"}],"author":[{"embeddable":true,"href":"https:\/\/nutri-ci.com\/index.php\/wp-json\/wp\/v2\/users\/1"}],"replies":[{"embeddable":true,"href":"https:\/\/nutri-ci.com\/index.php\/wp-json\/wp\/v2\/comments?post=990"}],"version-history":[{"count":112,"href":"https:\/\/nutri-ci.com\/index.php\/wp-json\/wp\/v2\/pages\/990\/revisions"}],"predecessor-version":[{"id":1865,"href":"https:\/\/nutri-ci.com\/index.php\/wp-json\/wp\/v2\/pages\/990\/revisions\/1865"}],"wp:attachment":[{"href":"https:\/\/nutri-ci.com\/index.php\/wp-json\/wp\/v2\/media?parent=990"}],"curies":[{"name":"wp","href":"https:\/\/api.w.org\/{rel}","templated":true}]}}